alse
Is (24 - (-629545)/7)/((-1)/(-7)) prime?
False
Let r = -204 + 135. Let p = r + 73. Suppose -c = p*z - 133, -2 = z + 2. Is c a composite number?
False
Suppose 2210 = -0*l + 5*l. Let o = -185 - 6. Let g = l + o. Is g composite?
False
Let o = -419 + 420. Is -13*(-279 + o + 1) composite?
True
Suppose 0 = -7*k + 16 + 19. Suppose -3*n = 5*v + 10, -k*v + 3*n + n = 10. Let s(p) = -231*p - 8. Is s(v) a prime number?
False
Let a(w) = 43*w**2 + 8*w - 158. Let q be 120/12*(-2)/(-8)*10. Is a(q) a composite number?
True
Suppose 4*x - 2*b = 85236, -279*b = -276*b - 12. Is x composite?
True
Is (106802/(-1))/((-336)/1176) prime?
False
Let c be -1 - 34/12*6. Let d(m) = 29*m**2 + 2*m + 35. Is d(c) a composite number?
True
Suppose -3*r - 45 = c, 40 = -2*r - 2*c - 2*c. Let i(d) = -255*d - 79. Is i(r) prime?
True
Let q = -73238 - -52275. Let a = -1267 + q. Is 3/(-15) - a/25 composite?
True
Let x = 700099 + -262176. Is x composite?
False
Suppose -81*h = -89*h - 253*h + 22940595. Is h prime?
False
Let m(a) = -3934*a**3 - 2*a**2 - 36*a + 17. Is m(-5) a composite number?
True
Let g be 342/(4 + -1) - (-9 - -8). Is ((-2438)/g)/(4/(-530)) a prime number?
False
Suppose -2*w + 276*j = 275*j - 29177, 3*j + 29167 = 2*w. Is w a prime number?
True
Let c(f) = f**2 + f - 18. Let h be c(-6). Let v be 20/h - (-8)/6. Suppose 4*l = -v*z + 6940, 2*z = 5*l - z - 8675. Is l composite?
True
Let i(c) = -12*c**3 - 2*c**2 - 4*c - 4. Let w be i(-2). Let n be 4649/(-4)*-1 - (-69)/w. Suppose -262 + n = x. Is x a composite number?
True
Let m be (2 - (-3)/(-6))/((-5)/(-10)). Let s be m*((-1 - 1) + 24/9). Is (-30)/(-12) + -2 + 297/s prime?
True
Let s = -36 + 46. Let f = s + -5. Is (-2)/(-5) + ((-418)/(-5) - f) prime?
True
Let t(n) be the first derivative of n**3 - 3*n + 8 - 1/4*n**4 + 5/2*n**2. Is t(-6) a composite number?
True
Suppose 9*h - h - 17720 = 0. Suppose 2*p - h = 1891. Is p a composite number?
False
Suppose -8688 = -83*p + 77*p. Let g = 3459 + p. Is g a prime number?
False
Is (4/(-14))/((-382)/89965393) composite?
False
Let u be ((-5)/(-10) - 1)*-10 + -1. Suppose 2*f - 4259 = 5*j + 11366, 4*j - 31292 = -4*f. Suppose f = 5*o - 5*s, 0*o + 3*o = -u*s + 4657. Is o composite?
False
Is 64097 + 279/(-124)*16/(-6) prime?
False
Let h(b) = 403*b**2 + 20*b + 39. Suppose 0 = 8*y - 19 + 51. Is h(y) composite?
True
Suppose 0 = -3*m - 4*a + 142, -208 + 16 = -4*m - 4*a. Suppose 6*c - 2*c - 5*z + 91 = 0, 0 = 4*c + z + 121. Let x = m - c. Is x a prime number?
True
Let z = -10091 + 33023. Let w = -12281 + z. Is w a prime number?
True
Let l = -28 + 44. Suppose 29*b = 33*b - l. Suppose -r - 109 = 3*i - 8477, r = b*i - 11155. Is i composite?
False
Let u(x) be the second derivative of x**4/4 + 89*x**2 - 609*x. Let a be (-2)/8 + 2/8. Is u(a) a prime number?
False
Suppose 0 = 3*y - 34 + 43. Let f = -10118 + 6989. Is (6/(-1))/(y/(f/(-14))) a prime number?
False
Suppose 0 = -183*w - 84*w - 67*w + 82946562. Is w a prime number?
False
Let i = 68304 + -40207. Is i a composite number?
False
Let t = 343319 - 104112. Is t composite?
True
Is ((-10)/(-4)*(-2693034)/(-270))/(1/2) a prime number?
True
Let i be -8 + 21/3 + 4*1. Suppose 161 = 2*o + u, 578 = 4*o - i*u + 231. Is o a composite number?
False
Let y(n) = 2889*n**2 - 5*n. Let g be y(4). Let h = g + -27216. Is 2 - 4/3 - h/(-12) prime?
True
Let r = -383 + 403. Suppose 0 = -4*n + 4, 19*f - r*f - 5*n + 771 = 0. Is f a prime number?
False
Let c be ((-3954)/9 - 1) + (-16)/24. Let p = c - -1760. Is p composite?
False
Suppose 2064 = 3*q + 4*d, -2*q + 2*d + 1376 = -2*d. Suppose -2*x = -6*x + q. Let h = x + 6. Is h a composite number?
True
Let t(f) = -f**2 - 9*f - 4. Let s be t(-8). Suppose 6*m - 28 = 8. Suppose 2*q + 3*z = m*q - 251, -4*q = s*z - 216. Is q a prime number?
True
Suppose -6*l - 8 = -3*l - 2*t, 5*l = 2*t - 20. Is (-385506)/(-26) - (-7)/(273/l) prime?
True
Let g = -6912 - -12379. Suppose -f + 4*x = -5*f + 10952, 2*f + 5*x - g = 0. Is f a composite number?
False
Suppose -5 = 4*l + 3, 3*l = 4*v - 10. Is (-26 - -2596) + 8 + v a prime number?
True
Let o be 11040 + 6 + 21/(-3). Suppose u = 8*u - o. Is u a composite number?
True
Suppose 0 = x + 4, 3*m + x + 20 = 5*m. Let q be 3/2 + -6 + 76/m. Suppose 0 = -q*c - 2*c + 5215. Is c prime?
False
Let r(b) = b**2 - 17*b + 6. Let u be r(15). Let a = u - -21. Is 3/a*(-2 - 561) a prime number?
True
Let k = -215 - -219. Suppose -k*p + 13*p - 50283 = 0. Is p prime?
False
Let d(r) = r**2 + 6*r - 34. Let y be d(-10). Let g be 12/(((-27)/(-246))/(y/(-2))). Let f = -50 - g. Is f prime?
False
Let g(n) be the second derivative of 2*n**2 + 0 - 2/3*n**3 + 7/12*n**4 - 13*n. Is g(3) prime?
False
Let o(y) = y**3 + 47*y**2 + 166*y + 91. Is o(-37) prime?
True
Let c = -357 + 227. Is (c/(-4))/13*(-254)/(-5) prime?
True
Suppose -4*n - 3*x + 40647 = 0, 0 = 5*n - 6*x + x - 50765. Suppose s - 7*s + n = 0. Is s a prime number?
True
Let s(f) = 3*f**2 + 5*f - 12. Let k be s(-3). Is 5 - (-5 - -9) - (k - 2964) a prime number?
False
Let a = 64 - 62. Suppose 2641 = a*j - 7783. Let l = j - 3593. Is l prime?
True
Suppose 5*v = 4*n - 852461, 0 = 57*n - 54*n + 3*v - 639366. Is n a prime number?
True
Let u(g) = 46 + 39 - 90 - 1048*g. Is u(-1) a composite number?
True
Suppose 3*b - 2*n = 386615, 4*b - 5*n - 463460 - 52022 = 0. Is b a composite number?
False
Let x = 94670 + -266009. Let q be (-8)/20 + x/(-35). Suppose -4*o = 20, -2*o + 5690 = 5*j - q. Is j composite?
True
Let c = -43987 + 175806. Is c a prime number?
False
Suppose -5*f - 5*o = 42 - 7, 3*f + o = -15. Let i(x) = 28*x**2 + 1879 - 3757 - 4*x + 1883. Is i(f) prime?
False
Suppose 18*x - 505284 = 1038378. Is x a composite number?
True
Let q be (-9)/(-6)*(3454/(-6) - 7). Suppose 5*z - 3*z + 3792 = 2*y, 3*y + 1916 = -z. Let g = q - z. Is g a composite number?
True
Let s(o) = 0 + 1 + 7 - 4*o + 5*o. Let w be s(-3). Is ((-263)/2)/(w/(-10)) composite?
False
Suppose -41748 = -153*i + 131907. Is i prime?
False
Suppose 2103850 = 11*f - 35826. Suppose -b = -29*b + f. Is b a composite number?
False
Let n = -54 + 58. Suppose n = 2*h, t + 3*h - 10 + 2 = 0. Is ((-3007)/t)/((-2)/4) prime?
False
Let w(p) = 55*p**2 + 143*p - 271. Is w(-94) composite?
True
Suppose 4*d + 4*g - 1401336 = 0, -61*d = -65*d + 3*g + 1401301. Is d a composite number?
True
Let p = -108 - -375. Suppose 4*r + p = 1111. Is r a prime number?
True
Let y(m) be the first derivative of -m**5/20 + 7*m**4/6 + 14*m**3/3 + 10*m**2 + m + 23. Let r(d) be the first derivative of y(d). Is r(13) composite?
True
Let n(b) = -2*b - 25. Suppose 4*r - m = 3*m - 64, -m - 29 = 2*r. Let h be n(r). Suppose 3*k - 242 = h*d + 2011, 3004 = 4*k + d. Is k prime?
True
Let l(i) be the second derivative of i**3/6 + 5*i**2 - 28*i. Let d be l(-4). Is (-8)/2 + d + (380 - 1) prime?
False
Suppose -1616*w + 13928 = -1618*w. Let q = -1341 - w. Is q a prime number?
True
Let f(v) = -2*v**3 - 3*v**2 - 133*v + 609043. Is f(0) composite?
False
Let r(w) = 470*w + 591. Is r(62) composite?
True
Let x be (64/(-5))/(-8)*5/2. Let d(v) = 43*v**3 + 3*v**2 + 4*v + 3. Is d(x) composite?
False
Let n be (7/(-14))/((-2)/48*-2). Let f = n + 1367. Is f prime?
True
Let f(l) = -l**3 + 5*l**2 - 11*l + 54. Let s be f(5). Is s/4 - 1861249/(-116) a composite number?
True
Suppose 4*l - 217390 = -2*q, -89588 - 19095 = -q + 2*l. Is q composite?
True
Let k = -918 + 922. Suppose -2*a + 5*a = 5*d - 11314, -2*d = 3*a - 4534. Suppose 2*c = -5*u + 1790 + d, 8088 = k*c + 5*u. Is c composite?
False
Suppose 0 = 11*m - 31 + 9. Is (47/3)/(m/102) prime?
False
Let w(g) = 224*g**3 + 10*g**2 - 47*g - 5. Let i be ((-8)/(-7))/(((-60)/12)/(-35)). Is w(i) prime?
False
Let z be 20/(-6) - -3 - 30/(-9). Suppose -5*u - 4 - 2 = -z*l, -u - 6 = -3*l. Suppose 5*d = -l*x + 3*d + 428, -2*x + 433 = d. Is x a prime number?
False
Let x = 7144 - 10800. Let t = -2179 - x. Is t a prime number?
False
Let c = -156 - -120. Let p = 103 + c. Is p a composite number?
False
Let p(r) = 49*r**3 - 2*r**2 - 3*r - 39. Let c be p(11). Suppose -q + c = 14*q. Is q composite?
False
Let y(r) = -330*r**3 - 6*r**2 + 75*r + 251. Is y(-8) a prime number?
True
Suppose -10*l - 41 + 121 = 0. Suppose 0 = 2*q + b - 1976, l*q - 7*q + 3*b - 983 = 0. Is q a prime number?
False
Let r = 12936 - -13282. Is r a prime number?
False
Suppose -48*q + 8053669 = -4697867. Is